valuate (2 - 13 - -23) + -25.
-13
Evaluate -14 + (-4 - -19) - -4.
5
What is the value of -6 + (6 - (2 + (1 - 0))) - 11?
-14
Calculate -15 + (8 - -5) - 5.
-7
What is -18 + (-39 - -47) + 5?
-5
Calculate (12 - (-5 - -8)) + -7 - 7 - 11.
-16
Calculate -11 + -11 + 11 + -5 + -5 + 12.
-9
Evaluate 1 + 42 - (11 - (27 + -35)).
24
0 + 7 - ((6 - 2) + -7 - 9)
19
Calculate (13 - (26 + 3)) + -2 + 49.
31
Evaluate (-1 - -13) + (-3 + -2 - 9) + 13.
11
What is the value of (0 - (5 + 5) - -5) + 20?
15
Calculate -5 - (2 - 2) - (200 - 216).
11
Evaluate 7 + (-4 - -9 - 7).
5
What is -1 + 6 - (3 + 3 + -2)?
1
What is the value of (2 - -2) + 2 + 1 - (13 - 20)?
14
What is -23 - 13 - (-1 + -6 - (-14 - -14))?
-29
Evaluate 13 + -3 + -5 + -26 + 17 + -7.
-11
What is the value of -1 + 31 + (-14 - -17) + -9?
24
What is the value of (-3 - -1) + (-3 - -21)?
16
26 + (30 + 1 - 49)
8
What is -3 - 1 - (9 + 0 + -19) - 8?
-2
What is 192 + -180 + -32 + -1?
-21
Calculate 15 - (-4 + 6) - (3 + 21).
-11
Evaluate -2 - -1 - (6 + -4 + 5 + 3).
-11
Calculate 4 - (9 - 12 - (-5 - 16)).
-14
Evaluate 10 + 1 + -10 - (0 + -1 - 15).
17
Evaluate -1 - (-7 + (2 + 1 - (12 + -12))).
3
Evaluate 3 - ((9 - 23) + -8).
25
Evaluate 1 + (1 + -12 - 15 - (-7 + 1)).
-19
What is the value of 18 + -14 - (-10 - (-5 + 0) - -13)?
-4
-2 + 14 + -10 - (0 + -6)
8
What is the value of 0 + -6 + 28 + -3 + -12?
7
What is the value of (-1 - (4 - 6) - -5) + (15 - 31)?
-10
Evaluate (-7 - -12 - 18 - (-10 + 6)) + -26.
-35
What is the value of (33 + -74 - -40) + 2 + (2 - 1)?
2
What is 6 - (3 - -35 - ((13 - 14) + 10))?
-23
Evaluate 20 - 13 - 54 - -28.
-19
What is the value of -142 + 121 - (-3 + -31)?
13
What is (-27 - (15 - 71)) + -4?
25
What is the value of 64 + 3 + -27 + -32?
8
Evaluate -1 + -7 + 176 + -175.
-7
What is the value of -3 + 9 + -3 + 9?
12
Evaluate 22 - ((-12 - (-11 - 9)) + 9).
5
(14 - 10 - 0) + (0 - -5)
9
Calculate (-6 - (4 + -7 - -7)) + -1 - -6.
-5
Evaluate (3 - 2) + 9 + 8 + (12 - 16).
14
-8 + 2 + (32 - 46) - 9
-29
Evaluate (-21 - (-55 - -16)) + -17 + -1.
0
Evaluate -1 + 1 + 8 + -3 + (-7 - 0).
-2
-2 - (2 - -2) - ((12 - 19) + -21)
22
(10 - (1 - -37)) + 8 - -3
-17
What is 178 + -204 + 30 + 0?
4
Calculate (5 - 9) + 17 + -3 + (-2 - 27).
-19
Evaluate 2 + -24 + -2 - ((7 - 0) + -13).
-18
Calculate (43 - 18) + (0 - 13).
12
Evaluate 2 + 3 + 0 + -3.
2
What is the value of -45 + 59 - (-5 + -13)?
32
Calculate 15 + (-15 - -23) + 3 + -51.
-25
Evaluate 12 - (-4 - (-12 + 11)).
15
Evaluate 3 - 6 - (4 - (0 - -11)).
4
What is 27 + -26 + (2 - 6)?
-3
What is the value of (-35 - -16) + 46 + -19 - (1 - -27)?
-20
Calculate -3 + 10 - 10 - -2 - -4.
3
(-1 - -2) + 18 - -2 - (-237 - -237)
21
Calculate -42 - (-16 + -1 - (654 + -662)).
-33
Evaluate -13 - (-1 + 0) - (-10 - -1).
-3
What is the value of 3 + 2 + (-25 - -14) - (12 - 18)?
0
Calculate -15 + 5 + (-17 - -54).
27
What is 48 + -53 + 28 + -35?
-12
What is the value of 31 + (19 - (-12 + 30) - -3)?
35
What is -3 + (4 - (-3 + 4)) + 1 + -9?
-8
-4 - (-11 + -1 + 13) - (-7 + 1)
1
Evaluate (-4 - (50 + -20)) + (21 - 2).
-15
Evaluate (0 - 1) + -25 + 22 + (19 - 13).
2
Calculate (-19 - -3) + 23 - ((-3 - 16) + -1).
27
What is (2 - 13 - -13) + 2?
4
-3 + 9 + 11 + -4 + -3
10
What is the value of 4 - (0 - 0) - (-1 - 1)?
6
What is the value of (1 + 5 - (-2 - (-3 + 0))) + 6?
11
-11 - ((13 - 24) + 2 + 3)
-5
What is the value of -8 - (-16 - -15 - (7 - (0 - -2)))?
-2
18 - (-8 + (-2 - -11) - -7)
10
(8 - (-68 + 31)) + -32
13
What is 28 + (6 - 6 - (9 - 3)) + 0?
22
What is (140 - 158 - (3 + -24)) + 35 + 0?
38
What is (15 - (21 - 30)) + 5?
29
Evaluate -8 + (1 - 3 - -3 - (79 + -73)).
-13
What is -5 + -3 + (-13 - -14) + 5 + 0?
-2
Evaluate 2 - (-7 + (20 - (-4 - -4))).
-11
Evaluate 3 + (16 - 16) + 4 + 28.
35
What is the value of -31 + (9 - (1 + -34))?
11
What is the value of 5 + -31 + 14 + (-5 - 10)?
-27
Evaluate -10 + (-21 - -45) - (1 - -6).
7
Evaluate -9 + 5 - (-8 - -17 - 0).
-13
Evaluate (4 - (28 + 4)) + 8 + 6.
-14
Evaluate 3 + -16 + 9 + -6.
-10
What is (-15 - -4) + (-2 - 1 - 6)?
-20
Calculate -2440 + 2406 + (1 - -36).
3
What is the value of (22 - 24 - (-1 - -3)) + (0 - -3)?
-1
What is the value of -17 + 74 - 18 - (1 - -12)?
26
25 - (29 + 34 + -11)
-27
Calculate (179 - 166) + (-1 - 5) + 1.
8
Evaluate 105 + -102 - (3 + 1).
-1
Calculate -23 + 3 + -16 + 25.
-11
What is -20 + 6 - 1 - (-16 - -19)?
-18
Evaluate -8 + (6 - 1) + (-2 - -1) - -5.
1
What is the value of -7 + 0 - -30 - -3 - (-5 + 12)?
19
Evaluate -16 + (-29 - (-7 + -26)).
-12
What is the value of -34 - -23 - -24 - (0 - -5)?
8
Evaluate (-8 - (-1 + -10) - -4) + 11.
18
What is 3 + -1 - (8 - (14 + -1 + -8))?
-1
What is -1 - 8 - 25 - -2 - (-8 + -2)?
-22
What is the value of -4 + (-8 - -22) + 0 + 0?
10
What is the value of -2 + -2 + 27 + -18 + (3 - 6)?
2
What is (2 - -11) + 128 + -131?
10
-6 + 15 - (-11 - (-18 + 4))
6
What is the value of 16 + 0 - ((-5 - -23 - 2) + -9)?
9
What is the value of -14 + (-100 + 102 - (10 + 2))?
-24
What is -84 - -98 - (-19 + 12)?
21
Calculate 23 + -14 + (-32 - (-6 + 1 + 3)).
-21
2 + -5 - (-10 - 1) - 11
-3
Calculate (-5 - 0 - -1) + 13.
9
Calculate (1 - 5) + (11 - 6) - 0 - 12.
-11
What is the value of -4 + 15 + 5 + -3 - 8?
5
Evaluate 11 - (-5 + 31 + -22).
7
Calculate -2 + (1 + -1 - -11) + -4.
5
What is the value of (-13 - (12 - 33 - -4)) + 8?
12
What is the value of -11 + 0 + -2 + -2 - -4?
-11
What is the value of 31 - (-2 + (37 - 12))?
8
Evaluate (-1 - (3 + (6 - (-1 - -16)))) + -12.
-7
What is 1 + 5 + -26 + 7 + 5 - -5?
-3
What is the value of -3 - -1 - -3 - (2 + 4) - 1?
-6
What is (-1 - (7 - 0 - 0 - 14)) + 10?
16
What is the value of 5 + (-5 - ((1 - -4) + -16)) + -7?
4
Evaluate -6 - (9 - 26) - 9 - -18.
20
What is the value of 32 - (9 - (-13 + 6 - -4))?
20
Calculate -17 + 10 + 29 + -16.
6
What is 9 - (12 + -5 - 9 - -7)?
4
Calculate (7 - (4 - -8)) + 20 - (1 - -4).
10
What is the value of -8 + 7 - (-21 - 0)?
20
Calculate (5 - (-4 - -2)) + (-4 - -2) + -9.
-4
What is the value of (11 - -8) + 3 + -10 + -7 - 4?
1
-3 + (9 + -26 + 9 + -1 - -11)
-1
-31 - ((2 - -2) + (-24 - -15))
-26
What is -4 - (4 - 18 - 24 - -16)?
18
Calculate 5 - -2 - (16 - 4).
-5
-6 - (3 + -3 + -6)
0
Evaluate 7 + (1 - -1) - (183 + -186).
12
Calculate 7 + (-10 - -2) + 3 + -5 + 1.
-2
What is (-18 - -8) + 4 + 7 - -2?
3
Calculate 0 + -3 + 0 + 1 + -4 - -9.
3
What is the value of 25 + (-2 - (-18 - -15) - -1)?
27
Calculate (-43 - -41 - (-9 - 1) - 2) + 8.
14
Calculate (-32 - 0) + 1 + 28.
-3
Calculate -10 + 20 + -25 - (0 + -13).
-2
What is the value of (-57 + 33 - -14 - (-2 - -1)) + 25?
16
What is -6 + -19 + 18 + (-7 - 1)?
-15
(2 - (-32 - -10)) + -13
11
What is the value of (7 - 0 - (27 - 24)) + -11?
-7
Calculate (-33 - -12) + -3 + 11.
-13
Calculate 10 + -7 - (2 - -20).
-19
What is the value of (4 - (3 - (1 - -8))) + -11?
-1
-14 - (-2 + (1 - (1 + (7 - 14))))
-19
What is -4 + 11 + -24 + 26?
9
What is 17 - 24 - -4 - (1 + (-12 - 0))?
8
Calculate (30 + 7 - 108) + 36.
-35
(-1 - 12) + 43 + -32
-2
158 + -154 - (-14 - -4 - -2)
12
-2 + (-1 + -12 - -9 - -3) + 19
16
3 + 9 + 2 + -17
-3
3 - (15 - (-7 - (-10 - 1)))
-8
-2 + (5 - 0) - -3
6
Calculate 32 - (7 - ((0 - (-10 + 3)) + -2)).
30
What is -21 + (-25 - -59) + (0 - 4) - 17?
-8
Calculate -7 + -6 - (-53 + 48).
-8
What is the value of -18 - (-23 + -5) - (5 - 1)?
6
What is (-4 + 0 - (-1 - -2)) + (1 - -4)?
0
Evaluate -12 - (-5 + (0 - 1) + 9).
-15
Evaluate 15 - (32 + -15 + -7).
5
-14 - (2 - (15 - 9))
-10
Evaluate (-1 - -36) + 2 + -304 + 305.
38
What is 1 + 4 + -28 + 29 + 9?
15
Evaluate (3 - 19 - 1) + (-5 - -5).
-17
-17 - (16 - (13 - -19))
-1
Calculate 18 - (8 + (-6 - -7)) - (46 - 5).
-32
What is the value of (-9 + 16 - (1 - (-9 - -1))) + -12?
-14
Evaluate -9 - (0 - (-3 + 0)) - (-6 + 7).
-13
(4 + 0 - 11) + (-8 - (6 - 13))
-8
Evaluate 14 + -4 + 61 + -60.
11
Calculate -24 + -4 - (-18 - 5).
-5
What is the value of (2 + -27 - -5) + (8 - (0 + -1))?
-11
What is (-22 - (9 - 14)) + 8 - -22?
13
What is 1 + (-11 - (-12 + 6))?
-4
(-2 - (-6 + 3 - -7)) + 2 - 4
-8
What is the value of (-14 - -22) + -13 + 15?
10
What is the value of (11 - 10 - 19) + 13 - 10?
-15
Evaluate 1 + (20 - -3) - (-2 + (23 - 14)).
17
What is the value of -12 + 11 - (6 + (1 - 12) + -3)?
7
What is the value of (51 - -4) + -30 + -11?
14
What is 23 - 0 - (-47 + 50 + 7)?
13
Evaluate 31 - 1 - (19 - 19).
30
Wh